e ten thousands digit of 286679687?
7
What is the hundred thousands digit of 462835526?
8
What is the millions digit of 174969837?
4
What is the hundred millions digit of 5283224095?
2
What is the tens digit of 107926227?
2
What is the millions digit of 404848538?
4
What is the hundred millions digit of 334242470?
3
What is the ten thousands digit of 177065415?
6
What is the ten millions digit of 62765101?
6
What is the millions digit of 3834916004?
4
What is the hundred thousands digit of 67389411?
3
What is the ten millions digit of 89998314?
8
What is the ten thousands digit of 142782157?
8
What is the ten thousands digit of 3241590006?
9
What is the hundred millions digit of 380889560?
3
What is the hundred thousands digit of 44014414?
0
What is the ten thousands digit of 81460388?
6
What is the millions digit of 152972080?
2
What is the ten millions digit of 22765320?
2
What is the units digit of 1241392268?
8
What is the tens digit of 517092662?
6
What is the thousands digit of 33627655?
7
What is the ten thousands digit of 452928325?
2
What is the thousands digit of 1096569420?
9
What is the units digit of 17788778?
8
What is the tens digit of 1189763572?
7
What is the ten millions digit of 3282210163?
8
What is the hundred thousands digit of 246555802?
5
What is the millions digit of 385789157?
5
What is the hundreds digit of 29884267?
2
What is the tens digit of 17938339?
3
What is the hundreds digit of 169830692?
6
What is the hundred thousands digit of 796980542?
9
What is the thousands digit of 2545622661?
2
What is the units digit of 2281679891?
1
What is the tens digit of 281819175?
7
What is the tens digit of 100214265?
6
What is the thousands digit of 20307561?
7
What is the hundreds digit of 69824606?
6
What is the ten thousands digit of 6063701?
6
What is the units digit of 9974998?
8
What is the hundreds digit of 32942057?
0
What is the tens digit of 1930898551?
5
What is the thousands digit of 93163499?
3
What is the units digit of 118764368?
8
What is the tens digit of 55029853?
5
What is the units digit of 226843226?
6
What is the hundred thousands digit of 41990234?
9
What is the ten thousands digit of 130023595?
2
What is the hundred thousands digit of 1055139529?
1
What is the thousands digit of 108414261?
4
What is the hundred millions digit of 1155232780?
1
What is the billions digit of 7103377463?
7
What is the hundred thousands digit of 36954251?
9
What is the units digit of 312624409?
9
What is the hundreds digit of 114365656?
6
What is the thousands digit of 50613682?
3
What is the units digit of 8327565060?
0
What is the tens digit of 2364216810?
1
What is the hundred thousands digit of 431948592?
9
What is the millions digit of 1460930394?
0
What is the units digit of 40511268?
8
What is the ten thousands digit of 1579817?
7
What is the millions digit of 2193669432?
3
What is the hundreds digit of 40178002?
0
What is the ten millions digit of 89691559?
8
What is the millions digit of 66637278?
6
What is the units digit of 302174021?
1
What is the units digit of 943383498?
8
What is the thousands digit of 70616555?
6
What is the hundreds digit of 620704238?
2
What is the millions digit of 2055680083?
5
What is the units digit of 136592444?
4
What is the millions digit of 599345794?
9
What is the ten millions digit of 23159860?
2
What is the hundred thousands digit of 88233232?
2
What is the tens digit of 3781445414?
1
What is the millions digit of 985793501?
5
What is the hundred millions digit of 456248583?
4
What is the billions digit of 3082153291?
3
What is the billions digit of 5657912372?
5
What is the ten thousands digit of 235344701?
4
What is the hundreds digit of 16569706?
7
What is the millions digit of 1626521139?
6
What is the thousands digit of 68195224?
5
What is the hundred millions digit of 1113953482?
1
What is the hundred thousands digit of 38930178?
9
What is the ten millions digit of 434056725?
3
What is the units digit of 169374119?
9
What is the ten thousands digit of 71757988?
5
What is the ten millions digit of 105800898?
0
What is the hundred millions digit of 3528239844?
5
What is the millions digit of 63745726?
3
What is the ten thousands digit of 3602229972?
2
What is the hundreds digit of 22970958?
9
What is the ten millions digit of 34795730?
3
What is the ten millions digit of 166898161?
6
What is the units digit of 418946033?
3
What is the ten millions digit of 222832463?
2
What is the units digit of 852905308?
8
What is the tens digit of 35578649?
4
What is the thousands digit of 17876093?
6
What is the thousands digit of 104401969?
1
What is the units digit of 163199296?
6
What is the ten thousands digit of 422812453?
1
What is the units digit of 43874067?
7
What is the tens digit of 250027238?
3
What is the ten thousands digit of 370402877?
0
What is the hundred thousands digit of 1120985732?
9
What is the units digit of 2942325653?
3
What is the millions digit of 774193854?
4
What is the tens digit of 70772726?
2
What is the ten thousands digit of 164083707?
8
What is the hundreds digit of 16689311?
3
What is the millions digit of 124998744?
4
What is the thousands digit of 43137993?
7
What is the ten millions digit of 481400667?
8
What is the millions digit of 8082103?
8
What is the hundred thousands digit of 350857203?
8
What is the hundreds digit of 573724188?
1
What is the ten thousands digit of 1126536232?
3
What is the ten millions digit of 467214773?
6
What is the thousands digit of 507376052?
6
What is the millions digit of 485253525?
5
What is the ten millions digit of 1447519416?
4
What is the thousands digit of 20158539?
8
What is the hundreds digit of 135681006?
0
What is the ten millions digit of 3568094377?
6
What is the hundred thousands digit of 25896073?
8
What is the units digit of 387971703?
3
What is the hundred millions digit of 229382887?
2
What is the millions digit of 223641523?
3
What is the ten millions digit of 58188585?
5
What is the ten millions digit of 151780526?
5
What is the millions digit of 3125639161?
5
What is the hundred millions digit of 101282822?
1
What is the ten millions digit of 172681340?
7
What is the hundred millions digit of 213347523?
2
What is the tens digit of 15723723?
2
What is the hundred millions digit of 1093600202?
0
What is the hundred thousands digit of 763622842?
6
What is the billions digit of 3661113046?
3
What is the tens digit of 1375212701?
0
What is the ten thousands digit of 498133460?
3
What is the hundred millions digit of 549082581?
5
What is the thousands digit of 5838028617?
8
What is the thousands digit of 249204017?
4
What is the tens digit of 1668146564?
6
What is the millions digit of 431081244?
1
What is the hundred millions digit of 145284755?
1
What is the ten millions digit of 24920881?
2
What is the thousands digit of 699988072?
8
What is the units digit of 113566170?
0
What is the hundreds digit of 4395336098?
0
What is the tens digit of 4697525184?
8
What is the hundred thousands digit of 3272703806?
7
What is the billions digit of 4229482405?
4
What is the tens digit of 1536581876?
7
What is the hundred thousands digit of 130873448?
8
What is the ten thousands digit of 13426057?
2
What is the hundreds digit of 1163462700?
7
What is the hundred millions digit of 126676740?
1
What is the tens digit of 234065622?
2
What is the thousands digit of 138318281?
8
What is the ten thousands digit of 4199467251?
6
What is the hundred thousands digit of 1522698197?
6
What is the ten thousands digit of 69894299?
9
What is the hundred thousands digit of 176397283?
3
What is the thousands digit of 1703782565?
2
What is the ten thousands digit of 1190202197?
0
What is the thousands digit of 374664782?
4
What is the millions digit of 66528666?
6
What is the hundred thousands digit of 194310373?
3
What is the tens digit of 1227626020?
2
What is the tens digit of 139185802?
0
What is the ten thousands digit of 863690?
6
What is the hundred thousands digit of 561511957?
5
What is the hundreds digit of 3512172887?
8
What is the units digit of 73379383?
3
What is the units digit of 3392899133?
3
What is the ten millions digit of 12419009?
1
What is the hundred thousands digit of 637145358?
1
What is the ten th